In base 12, what is 115581 + -1?
115580
In base 5, what is -1300413 - 331?
-1301244
In base 4, what is -130310133 - 11?
-130310210
In base 2, what is 100001010 + 10100101011?
11000110101
In base 7, what is 24330260 + 5?
24330265
In base 14, what is 3 + -d3?
-d0
In base 13, what is 1675 + 10?
1685
In base 2, what is -11001111001101110 - 1000?
-11001111001110110
In base 10, what is 853 + 327?
1180
In base 2, what is 10110100001010 + -1000110?
10110011000100
In base 5, what is -11131 + 100210?
34024
In base 12, what is 4 - -184158?
184160
In base 11, what is 59 + 703?
761
In base 12, what is a0 + 6317?
63b7
In base 12, what is 1457 - 8?
144b
In base 6, what is 2 - 234502?
-234500
In base 9, what is 181 + 6755?
7046
In base 11, what is 825199 - -5?
8251a3
In base 16, what is -6d - 38a?
-3f7
In base 16, what is -4 + -11a25?
-11a29
In base 6, what is -4422 + 11100?
2234
In base 13, what is -203488 - 1?
-203489
In base 9, what is -1 - -202028?
202027
In base 4, what is -2130210133 - 1?
-2130210200
In base 3, what is -120 + 202020?
201200
In base 10, what is -7310 - 11?
-7321
In base 14, what is -2ba7bd - -6?
-2ba7b7
In base 5, what is -1002 + -34400?
-40402
In base 15, what is 110b9 - -2?
110bb
In base 2, what is 10111 + 1100101100100?
1100101111011
In base 10, what is -11 - 10552?
-10563
In base 3, what is 11210002 - -21012?
12001021
In base 3, what is -2 + 2202102122?
2202102120
In base 15, what is 170 - 17c?
-c
In base 16, what is -1 - -1157?
1156
In base 7, what is 2 + 2011666?
2012001
In base 15, what is 1 - -b67d?
b67e
In base 2, what is 0 + 101000011001001?
101000011001001
In base 14, what is 0 + -39a7?
-39a7
In base 8, what is -1 + -543221?
-543222
In base 11, what is 16 + 1300?
1316
In base 10, what is -152203 + -5?
-152208
In base 15, what is -2 - -14189?
14187
In base 10, what is 102220 - 24?
102196
In base 2, what is -110 - -101011000010100010?
101011000010011100
In base 5, what is 43012400 + 3?
43012403
In base 16, what is 21 + 1698?
16b9
In base 9, what is -1 + 120444?
120443
In base 14, what is 53d8 - -1?
53d9
In base 14, what is -39b98 + 1?
-39b97
In base 2, what is -10 + -1000011110000?
-1000011110010
In base 2, what is -100000001 + -110?
-100000111
In base 13, what is -4 - -1a317?
1a313
In base 13, what is 8c5665 - 1?
8c5664
In base 15, what is -1 - 29dba?
-29dbb
In base 8, what is 2 + -27037?
-27035
In base 4, what is 1 + -1030000003?
-1030000002
In base 14, what is -113 + bb5?
aa2
In base 7, what is -1132321 - 0?
-1132321
In base 14, what is 2d96 + -2a3?
2ad3
In base 14, what is -1b1d - 21?
-1b40
In base 5, what is 2 + -310130?
-310123
In base 8, what is 41 - 4135?
-4074
In base 16, what is ce - -fd?
1cb
In base 8, what is 5675635 + -4?
5675631
In base 9, what is -42642 - -12?
-42630
In base 4, what is -2202301 - 1?
-2202302
In base 4, what is 1311313 - 111?
1311202
In base 14, what is 30 + 63db?
642b
In base 14, what is 3 - -10c93?
10c96
In base 6, what is -23351 - -4251?
-15100
In base 11, what is 4 - 74701?
-746a8
In base 6, what is 13 + 4034503?
4034520
In base 15, what is 988cb + -8?
988c3
In base 5, what is 2202133 - -41?
2202224
In base 9, what is 1 - -175013?
175014
In base 14, what is -417 + -25d?
-676
In base 9, what is -6 + -1820?
-1826
In base 6, what is -24225001 + -4?
-24225005
In base 15, what is 8 - 6521?
-6518
In base 12, what is 69 + 10b6?
1163
In base 6, what is 24 - -234254?
234322
In base 10, what is -14 - 4238?
-4252
In base 12, what is 818 + 3ab?
1007
In base 2, what is 11001010111111 + -11011?
11001010100100
In base 16, what is 21fcc1 - -4?
21fcc5
In base 15, what is 5 + 18e14?
18e19
In base 6, what is -1032 + 220?
-412
In base 5, what is -310 + -133242?
-134102
In base 2, what is 0 + -101111101110110?
-101111101110110
In base 5, what is 0 - 104031?
-104031
In base 3, what is -10012010110 + -111?
-10012010221
In base 5, what is -1424 - 113110?
-120034
In base 16, what is -c2 - 9b7?
-a79
In base 4, what is 1 + -2233313222?
-2233313221
In base 16, what is 9821 + 3?
9824
In base 9, what is 105346 + 0?
105346
In base 7, what is -243552 + 3?
-243546
In base 7, what is -35102 - -10?
-35062
In base 4, what is 10 + -10102223?
-10102213
In base 3, what is 10000002121 - 22?
10000002022
In base 16, what is -39c5 - 0?
-39c5
In base 12, what is 30 - -2742?
2772
In base 15, what is -270 + 7?
-268
In base 13, what is -1 + -517a?
-517b
In base 3, what is 1 + -10222101100?
-10222101022
In base 11, what is -92 + -13618?
-136aa
In base 16, what is -38368 - -a?
-3835e
In base 12, what is -523 + -16?
-539
In base 9, what is -105 - 31058?
-31164
In base 3, what is -2101122 - -1010?
-2100112
In base 15, what is 9cc + 2c?
a09
In base 6, what is -242 + -310?
-552
In base 4, what is 11 + 1330130231?
1330130302
In base 6, what is -15505 + 13445?
-2020
In base 2, what is -1001010 + 101011000011?
101001111001
In base 2, what is 1110 + 11110010?
100000000
In base 3, what is 10 - 22112121?
-22112111
In base 11, what is 84802 - -2?
84804
In base 9, what is -1332 - 1157?
-2500
In base 14, what is -1d4 - -d9?
-d9
In base 8, what is 5 + -226557?
-226552
In base 11, what is 139 + 246a?
25a8
In base 11, what is 1 + -170591?
-170590
In base 14, what is 15 + 16631?
16646
In base 3, what is -202000221 - -1011?
-201222210
In base 10, what is 152 - 306?
-154
In base 11, what is -39238 - 6?
-39243
In base 10, what is -29 - 463?
-492
In base 11, what is -3143 + -1?
-3144
In base 4, what is 30 + 1210103?
1210133
In base 13, what is 9570 + 0?
9570
In base 9, what is 11312 - -108?
11421
In base 5, what is -331134 + -3120?
-334304
In base 15, what is 7d542 + 2?
7d544
In base 11, what is -1830 + -486?
-2206
In base 14, what is 4c79 - -16?
4c91
In base 5, what is 4222224 + 1?
4222230
In base 6, what is -10 - 15424?
-15434
In base 7, what is -21 - 12246?
-12300
In base 13, what is -6 + 15139?
15133
In base 9, what is -25554 - -86?
-25457
In base 9, what is -4 - 1746256?
-1746261
In base 11, what is -1 - 214138?
-214139
In base 3, what is -101110221 - 122?
-101111120
In base 5, what is 104 + 444?
1103
In base 10, what is -38298 + 1?
-38297
In base 2, what is 111001001 - -10110011?
1001111100
In base 13, what is 12 + 1cb?
210
In base 8, what is 3734436 - -5?
3734443
In base 14, what is -90 + -2428?
-24b8
In base 15, what is 34d + -57?
2e6
In base 7, what is 5 + -213251?
-213243
In base 9, what is -1 - 16272?
-16273
In base 4, what is 32302 + -10023?
22213
In base 9, what is -1 - 6121?
-6122
In base 11, what is -385906 + -3?
-385909
In base 12, what is 12 - -10868?
1087a
In base 10, what is -3 - 83342?
-83345
In base 4, what is -131311131 + -3?
-131311200
In base 15, what is -279b - b7?
-2863
In base 4, what is -31 - 123?
-220
In base 16, what is -2 - -bb99?
bb97
In base 7, what is -5 + 3440101?
3440063
In base 3, what is -1010210 - 11120?
-1022100
In base 4, what is 33011013 - 0?
33011013
In base 13, what is 1b71c - -4?
1b723
In base 13, what is -4 + 10078?
10074
In base 8, what is -12035530 + 1?
-12035527
In base 6, what is 1344242 - 0?
1344242
In base 16, what is -11cb + -91?
-125c
In base 15, what is -10053 - -1?
-10052
In base 6, what is 24 + 3005?
3033
In base 6, what is 13 + -11044?
-11031
In base 15, what is 29500 + 2?
29502
In base 3, what is -1110202 - 1002110?
-2120012
In base 13, what is -590ab - -3?
-590a8
In base 4, what is 3000 - 110312?
-101312
In base 14, what is 1da + -1853?
-1657
In base 15, what is -4ea5 - 7?
-4eac
In base 5, what is 2123044243 + 10?
2123044303
In base 3, what is 10 + 12212021?
12212101
In base 7, what is 3 + 56501?
56504
In base 6, what is -3011510 + -5?
-3011515
In base 11, what is a033 - 9?
a025
In base 9, what is -8003 + 4?
-7888
In base 4, what is 10 - 120120023?
-120120013
In base 6, what is 51522102 - -3?
51522105
In base 4, what is 10 - -1312233?
1312303
In base 9, what is 3 + -38356?
-38353
In base 14, what is 11 - b45?
-b34
In base 13, what is -1b9853 + -3?
-1b9856
In base 4, what is 301 - -100020?
100321
In base 6, what is -134051 - -3?
-134044
In base 6, what is 55423 - -44?
55511
In base 15, what is 20 + -30c?
-2dc
In base 13, what is -1 - -15695?
15694
In base 16, what is 89 + 1ea?
273
In base 15, what is -369 + -28?
-392
In base 12, what is 2 - -543a?
5440
In base 11, what is -2 - -206049?
206047
In base